{"id":35,"date":"2026-02-07T18:59:59","date_gmt":"2026-02-07T18:59:59","guid":{"rendered":"https:\/\/farmarens.com\/?page_id=35"},"modified":"2026-02-07T19:47:10","modified_gmt":"2026-02-07T19:47:10","slug":"bearded-collie","status":"publish","type":"page","link":"https:\/\/farmarens.com\/index.php\/bearded-collie\/","title":{"rendered":"Bearded collie"},"content":{"rendered":"\n<figure class=\"wp-block-image size-full\"><img loading=\"lazy\" decoding=\"async\" width=\"200\" height=\"270\" src=\"https:\/\/farmarens.com\/wp-content\/uploads\/2026\/02\/angus.jpg\" alt=\"\" class=\"wp-image-15\"\/><\/figure>\n\n\n\n<p>L\u00e4s om <a href=\"https:\/\/farmarens.com\/index.php\/bearded-collie-hanar\/\" data-type=\"page\" data-id=\"24\">v\u00e5ra hanar h\u00e4r<\/a>.<br>L\u00e4s om <a href=\"https:\/\/farmarens.com\/index.php\/bearded-collie-tikar\/\" data-type=\"page\" data-id=\"22\">v\u00e5ra tikar h\u00e4r<\/a>.<\/p>\n\n\n\n<p><\/p>\n","protected":false},"excerpt":{"rendered":"<p>L\u00e4s om v\u00e5ra hanar h\u00e4r.L\u00e4s om v\u00e5ra tikar h\u00e4r.<\/p>\n","protected":false},"author":1,"featured_media":0,"parent":0,"menu_order":0,"comment_status":"closed","ping_status":"closed","template":"","meta":{"footnotes":""},"class_list":["post-35","page","type-page","status-publish","hentry"],"acf":[],"_links":{"self":[{"href":"https:\/\/farmarens.com\/index.php\/wp-json\/wp\/v2\/pages\/35","targetHints":{"allow":["GET"]}}],"collection":[{"href":"https:\/\/farmarens.com\/index.php\/wp-json\/wp\/v2\/pages"}],"about":[{"href":"https:\/\/farmarens.com\/index.php\/wp-json\/wp\/v2\/types\/page"}],"author":[{"embeddable":true,"href":"https:\/\/farmarens.com\/index.php\/wp-json\/wp\/v2\/users\/1"}],"replies":[{"embeddable":true,"href":"https:\/\/farmarens.com\/index.php\/wp-json\/wp\/v2\/comments?post=35"}],"version-history":[{"count":2,"href":"https:\/\/farmarens.com\/index.php\/wp-json\/wp\/v2\/pages\/35\/revisions"}],"predecessor-version":[{"id":55,"href":"https:\/\/farmarens.com\/index.php\/wp-json\/wp\/v2\/pages\/35\/revisions\/55"}],"wp:attachment":[{"href":"https:\/\/farmarens.com\/index.php\/wp-json\/wp\/v2\/media?parent=35"}],"curies":[{"name":"wp","href":"https:\/\/api.w.org\/{rel}","templated":true}]}}